ided by 56371?
4070
What is the remainder when 876662 is divided by 319?
50
Calculate the remainder when 3432484 is divided by 6652.
52
What is the remainder when 899105 is divided by 84?
53
Calculate the remainder when 597947 is divided by 14007.
9653
What is the remainder when 197026 is divided by 1064?
186
Calculate the remainder when 8139831 is divided by 10449.
60
What is the remainder when 887915 is divided by 213?
131
What is the remainder when 210791995 is divided by 1756?
1755
Calculate the remainder when 2501611 is divided by 228.
223
What is the remainder when 127779 is divided by 5555?
14
Calculate the remainder when 76033788 is divided by 155.
88
Calculate the remainder when 6216848 is divided by 301.
295
Calculate the remainder when 6759878 is divided by 657.
5
What is the remainder when 9034972 is divided by 3011656?
4
What is the remainder when 22111157 is divided by 60?
17
What is the remainder when 28684 is divided by 7132?
156
What is the remainder when 10146859 is divided by 181?
180
Calculate the remainder when 7639163 is divided by 127319.
23
Calculate the remainder when 278316 is divided by 4152.
132
Calculate the remainder when 20897082 is divided by 451.
448
What is the remainder when 2100577 is divided by 350073?
139
What is the remainder when 24797260 is divided by 1720?
20
Calculate the remainder when 181735188 is divided by 266.
264
Calculate the remainder when 2716963 is divided by 295.
13
What is the remainder when 538741 is divided by 179563?
52
Calculate the remainder when 80363 is divided by 362.
361
What is the remainder when 31407927 is divided by 1514?
1511
Calculate the remainder when 3940744 is divided by 136.
8
Calculate the remainder when 43588373 is divided by 3352951.
10
Calculate the remainder when 6751531 is divided by 18754.
91
Calculate the remainder when 56745 is divided by 583.
194
Calculate the remainder when 776515 is divided by 36961.
334
Calculate the remainder when 59416521 is divided by 1381779.
24
Calculate the remainder when 3298182 is divided by 78528.
6
What is the remainder when 89054 is divided by 210?
14
Calculate the remainder when 2994833 is divided by 7.
2
Calculate the remainder when 10868911 is divided by 21825.
61
Calculate the remainder when 18567859 is divided by 5770.
5769
Calculate the remainder when 265030 is divided by 1893.
10
What is the remainder when 13335362 is divided by 333?
44
What is the remainder when 26927 is divided by 6484?
991
Calculate the remainder when 8522606 is divided by 59.
56
What is the remainder when 2992146 is divided by 4446?
4434
Calculate the remainder when 276049 is divided by 137.
131
Calculate the remainder when 69373348 is divided by 69373334.
14
Calculate the remainder when 44784 is divided by 21044.
2696
What is the remainder when 2405658 is divided by 134?
90
Calculate the remainder when 358152 is divided by 89171.
1468
Calculate the remainder when 369048 is divided by 30731.
276
What is the remainder when 14489918 is divided by 6489?
6470
What is the remainder when 8791568 is divided by 67111?
27
Calculate the remainder when 3203383 is divided by 57.
40
What is the remainder when 71201 is divided by 1369?
13
Calculate the remainder when 74984 is divided by 5322.
476
What is the remainder when 2797333 is divided by 183?
178
Calculate the remainder when 12326254 is divided by 123.
55
What is the remainder when 108389 is divided by 301?
29
Calculate the remainder when 37116988 is divided by 116.
4
Calculate the remainder when 1037815 is divided by 1380.
55
Calculate the remainder when 346068 is divided by 21.
9
What is the remainder when 1794750 is divided by 34?
26
What is the remainder when 468821 is divided by 392?
381
Calculate the remainder when 499571 is divided by 2760.
11
Calculate the remainder when 3586680 is divided by 7290.
0
Calculate the remainder when 302745 is divided by 6964.
3293
What is the remainder when 6980810 is divided by 210?
200
What is the remainder when 7174470 is divided by 38?
32
What is the remainder when 1144252 is divided by 22?
10
Calculate the remainder when 7259 is divided by 2383.
110
Calculate the remainder when 3590872 is divided by 3.
1
What is the remainder when 11974496 is divided by 451?
446
Calculate the remainder when 364384767 is divided by 4268.
4267
Calculate the remainder when 198564 is divided by 244.
192
Calculate the remainder when 264194 is divided by 18496.
5250
Calculate the remainder when 248562 is divided by 243825.
4737
What is the remainder when 784192 is divided by 12910?
9592
Calculate the remainder when 5742898 is divided by 540.
538
Calculate the remainder when 17604966 is divided by 1561.
8
What is the remainder when 291210 is divided by 18153?
762
What is the remainder when 3632279 is divided by 82?
7
What is the remainder when 16252403 is divided by 145?
78
What is the remainder when 7177032 is divided by 383?
378
Calculate the remainder when 3492088 is divided by 15.
13
Calculate the remainder when 5231133 is divided by 451.
435
Calculate the remainder when 5928998 is divided by 605.
603
Calculate the remainder when 73166 is divided by 1453.
516
Calculate the remainder when 356549 is divided by 356512.
37
What is the remainder when 36829 is divided by 7326?
199
What is the remainder when 418304 is divided by 208917?
470
What is the remainder when 1536536 is divided by 3910?
3816
What is the remainder when 13366940 is divided by 5183?
5166
What is the remainder when 54249 is divided by 5789?
2148
What is the remainder when 294780 is divided by 85?
0
Calculate the remainder when 269043 is divided by 19.
3
Calculate the remainder when 8827355 is divided by 17690.
45
Calculate the remainder when 217702 is divided by 233.
80
Calculate the remainder when 54734 is divided by 4392.
2030
What is the remainder when 487561 is divided by 2289?
4
Calculate the remainder when 391582 is divided by 120.
22
Calculate the remainder when 9442692 is divided by 106.
0
What is the remainder when 402652 is divided by 697?
483
Calculate the remainder when 968190 is divided by 138274.
272
What is the remainder when 3127929 is divided by 1350?
1329
Calculate the remainder when 4949927 is divided by 1649966.
29
What is the remainder when 536770 is divided by 268293?
184
Calculate the remainder when 30804407 is divided by 10268130.
17
What is the remainder when 9823880 is divided by 9?
2
What is the remainder when 100192 is divided by 675?
292
Calculate the remainder when 1020441 is divided by 28345.
21
Calculate the remainder when 3205406 is divided by 114474.
134
What is the remainder when 2074352 is divided by 857?
412
Calculate the remainder when 16693 is divided by 13256.
3437
Calculate the remainder when 418230 is divided by 975.
930
What is the remainder when 1283196 is divided by 54?
48
Calculate the remainder when 8559465 is divided by 4279603.
259
What is the remainder when 17396 is divided by 824?
92
Calculate the remainder when 755243 is divided by 251657.
272
What is the remainder when 1192178 is divided by 5844?
2
Calculate the remainder when 228437 is divided by 74.
73
What is the remainder when 1052019 is divided by 124?
3
Calculate the remainder when 1387866 is divided by 3140.
3126
What is the remainder when 104784139 is divided by 2408?
19
What is the remainder when 1513877 is divided by 79658?
375
What is the remainder when 1006407 is divided by 4553?
194
Calculate the remainder when 100238251 is divided by 97.
3
Calculate the remainder when 497700703 is divided by 20.
3
What is the remainder when 4720017 is divided by 36?
21
What is the remainder when 19329 is divided by 2620?
989
Calculate the remainder when 98031 is divided by 4986.
3297
Calculate the remainder when 13275810 is divided by 53.
52
Calculate the remainder when 1606230 is divided by 30306.
12
Calculate the remainder when 4666715 is divided by 89.
0
What is the remainder when 24027 is divided by 1412?
23
What is the remainder when 42343 is divided by 8395?
368
Calculate the remainder when 71434 is divided by 34215.
3004
Calculate the remainder when 21754023 is divided by 674.
673
Calculate the remainder when 570485690 is divided by 9.
8
What is the remainder when 44423 is divided by 668?
335
What is the remaind